12*q - 22. Let c be g(-2). What is the greatest common factor of 6 and c?
2
Suppose -1742 = -4*n - n - s, 1042 = 3*n - s. Suppose -y = 0, 6*c - 2*c - n = 5*y. Let r = -47 + c. What is the highest common factor of 4 and r?
4
Suppose -3*q - 3*w = -5*w - 16, -4*w - 8 = 0. Let j = q + -2. Suppose j*m - 29 - 21 = 0. What is the greatest common divisor of m and 10?
5
Let n be (-2)/(-3)*18/(-24)*-34. Calculate the greatest common factor of 34 and n.
17
Let l be 1*(-3 + (0 - -39)). Let m = 21 - 12. Let y be (-6)/m - (-28)/6. Calculate the highest common factor of l and y.
4
Suppose -y - 15 = -3*v + 29, -4*v = 5*y - 27. Suppose 25 - v = 4*j. What is the highest common divisor of j and 27?
3
Let j(s) = 3*s + 13. Let o be j(-3). Suppose -5*y - 3*h + 274 = 0, 0 = y - 2*h - 0*h - 60. Suppose 2*w - y = 16. What is the highest common divisor of w and o?
4
Let d(s) = -s**2 - 10*s - 4. Let y = 14 + -22. Let g be d(y). Calculate the greatest common divisor of 4 and g.
4
Let x = -89 - -93. What is the highest common factor of x and 4?
4
Suppose 46 = 4*q + 286. Let o = q + 110. Suppose -o = -3*y - 8. What is the highest common divisor of y and 7?
7
Suppose o - 66 = -3*o + 3*r, 13 = o + r. What is the highest common divisor of 120 and o?
15
Let h(q) = -19*q - 1. Suppose 0 = -3*n + 2*n + 5*u + 9, -5*u = 3*n + 13. Let w be h(n). What is the greatest common divisor of 18 and w?
18
Let q = -16 - -26. Let f = q - -8. Let v be (-4040)/(-56) + 2/(-14). Calculate the highest common divisor of v and f.
18
Let c = 2 + 0. Suppose 0 = c*r - r - 5*x - 14, 49 = 5*r - 4*x. What is the highest common divisor of r and 81?
9
Suppose 57*g - 58*g = -15. What is the highest common divisor of 3 and g?
3
Suppose l - 14 = 5*c, 0*c = 2*l + c - 28. What is the greatest common divisor of l and 84?
14
Let k be (-2)/(-1) - (-4 + 4)/1. Calculate the highest common factor of k and 10.
2
Let z be 0/(-2) - (1 + -7). Suppose -z*s = -s - 90. Let y = 38 + -20. Calculate the highest common factor of s and y.
18
Let w = -19 + 25. Let t be ((-32)/(-6))/(w/18). Calculate the highest common factor of 8 and t.
8
Suppose -4*l - 5*l = -630. Calculate the greatest common divisor of 10 and l.
10
Suppose -3*n + 2*n + 6 = -l, -5*l - 10 = 0. Suppose 0 = n*s - 3*s - 55. What is the greatest common factor of 5 and s?
5
Suppose -5*b + 30 = -2*r + 3*r, -2*r + 45 = 5*b. Let i be (-3)/9 - ((-48)/9 - 0). Calculate the highest common factor of r and i.
5
Suppose -2*j = -6*j + 4. What is the greatest common factor of j and 5?
1
Suppose -4*p + 200 = p. Suppose y = 3*y - p. What is the highest common divisor of y and 100?
20
Let j(l) = l**2 + 4*l + 1. Let h be j(3). Calculate the greatest common divisor of 33 and h.
11
Let x = 36 + -25. Calculate the greatest common divisor of 11 and x.
11
Let k = 41 + 79. Let g = 13 - -11. Calculate the highest common factor of g and k.
24
Suppose -5*x - 2*l - 2*l + 322 = 0, -2*x + l = -134. Let n = -36 + x. What is the greatest common divisor of 15 and n?
15
Let h(r) = r**3 - 13*r**2 + 5*r - 9. Let w be h(13). Calculate the greatest common divisor of w and 8.
8
Suppose 2*o = 4*l - 64, -l + 0*l + 1 = 0. Let v = o - -64. Calculate the highest common divisor of v and 85.
17
Suppose -5*i - 2*w + 50 = 0, i = 2*i + 5*w + 13. What is the highest common divisor of i and 36?
12
Let s be (2 + 1)/(1/8). What is the greatest common divisor of s and 60?
12
Let u(l) = l**3 - 8*l**2 - 9*l - 7. Let p be u(9). Let x be (-52)/p*7/2. Calculate the highest common divisor of 65 and x.
13
Let b(u) = -2*u + 5 + u + 0*u**2 + u**2. Let g be b(0). Suppose -g*p + 75 = -3*q, 4*q + 20 + 25 = 3*p. What is the greatest common divisor of p and 120?
15
Suppose -3*d = -22 + 1. Suppose p - 103 = -2*m, 7 = m - 5*p - 17. Calculate the highest common factor of m and d.
7
Let x(c) = c**3 - 5*c**2 + 2*c + 9. Let u be x(4). What is the highest common factor of 8 and u?
1
Let w(b) = b**3 - 7*b**2 + b + 9. Suppose -v + 6*v + 45 = 0. Let j = -2 - v. Let p be w(j). What is the highest common factor of p and 8?
8
Let q(o) = -6*o**2 + 1 - 8*o + 5*o**2 - 12. Let y be q(-5). What is the greatest common divisor of y and 2?
2
Let l(j) = 4*j**2 - 3*j - 14. Let n be l(-6). Suppose 5*s - n - 2 = 0. Suppose -5*q + 2*q + 60 = 0. Calculate the greatest common factor of s and q.
10
Let m = -114 + 169. What is the greatest common divisor of 33 and m?
11
Let a(g) = -g**3 - 11*g**2 + 10*g - 13. Let l be a(-12). Calculate the greatest common factor of l and 11.
11
Let y(b) = 14*b**2 + 5*b + 4. Let m be y(-3). Let j = -65 + 111. What is the greatest common divisor of j and m?
23
Let s(n) = n**3 + n**2 + n + 1. Let l be s(-1). Suppose 0 = -3*h + k + 46, l = -2*h - 2*h + 5*k + 65. Calculate the greatest common factor of 60 and h.
15
Let w(j) = -j**2 - 7*j + 2. Let z be w(-7). Let u(l) = z + 0*l - 17*l + 1 + 3. Let q be u(-6). Calculate the greatest common divisor of q and 12.
12
Let d = -60 + 92. Let a = 27 - 8. Suppose -2*t + 3*y + 1 + 4 = 0, 4*t - a = -3*y. Calculate the greatest common factor of t and d.
4
Let w(t) = 5*t**2 + 2*t + 8. Let a be w(-6). What is the highest common divisor of a and 16?
16
Let a(z) = -z + 8 - 10 + 20 - 2*z**2. Let c(j) = -j**2 - j + 9. Let i(f) = -4*a(f) + 7*c(f). Let w be i(-6). What is the highest common divisor of 5 and w?
5
Let w be 23*(-1 - (-1 + 1)). Let r = 35 + w. What is the greatest common divisor of r and 132?
12
Let n(m) = -m**2 - 2*m + 66. Let i be n(0). What is the greatest common factor of 33 and i?
33
Suppose 0*x - 3*x - 27 = 0. Let d(l) = -8 + 7 - 20*l + 8. Let k be d(x). Calculate the greatest common divisor of 17 and k.
17
Let y = -1 - 3. Let b be ((-3)/(-6))/(y/(-56)). Calculate the greatest common divisor of b and 70.
7
Suppose 2*j - 6 = 30. What is the highest common factor of j and 45?
9
Let f be ((-33)/(-12))/(3/12). What is the highest common divisor of 11 and f?
11
Let p be 24/(-9)*63/(-6). Suppose -3*d + 2*d = -7. Calculate the highest common divisor of d and p.
7
Let n be ((-2)/1)/(3/15). Let y(h) = -26*h + 10 + 5*h + 0*h. Let g be y(n). Calculate the highest common factor of 20 and g.
20
Let c be (-32)/56 - 1604/(-14). What is the highest common factor of c and 38?
38
Suppose -1 - 6 = -3*k + c, 5*c - 10 = 0. Let d be 18 + k/3*-2. Calculate the highest common divisor of d and 112.
16
Let x(o) = -2*o - 2. Let m be x(-4). Suppose p = -7 + 14. Let f = p + -4. Calculate the greatest common divisor of f and m.
3
Suppose -62 = -2*j - 0*j. What is the greatest common factor of j and 62?
31
Let p(x) = 7*x - 15. Let q be p(7). Calculate the highest common divisor of 85 and q.
17
Let p(o) = 3*o. Let c be p(2). Suppose 2*v + 1 + 19 = 0. Let y = 19 + v. Calculate the greatest common factor of y and c.
3
Suppose -4*b + 7*b + 405 = 0. Let i be 1/(b/69 - -2). Suppose 2*o = i + 17. Calculate the highest common divisor of 5 and o.
5
Let v be (-100)/2*(1 + -2). Suppose 0*a + 2*a + 5*f + 2 = 0, -2*a + 14 = -3*f. Suppose r + a*r = 50. What is the greatest common factor of r and v?
10
Let c(h) = 3*h**3 - h**2 - 3*h + 2. Let x = 5 + -3. Let k be c(x). Calculate the greatest common factor of 8 and k.
8
Let v = -11 + 24. What is the highest common divisor of 143 and v?
13
Suppose -2 - 4 = -2*p. Calculate the greatest common divisor of 6 and p.
3
Let k be 526/6 - (4/(-12) - 0). What is the highest common divisor of k and 11?
11
Let n(g) = -3*g**3 + 2*g**3 + g - 2 - 5*g**2 + 3*g. Let r be n(-6). What is the greatest common divisor of r and 10?
10
Let c(a) = -4*a - 1. Let j be c(-14). Suppose -5*b + j + 26 = 3*g, -4*g = 12. Calculate the highest common divisor of 27 and b.
9
Suppose -25*y + 3168 = -3*y. Suppose 5*p - 52 = -4*w, 30 = w - 0*w - 3*p. Calculate the greatest common factor of w and y.
18
Let d(k) = -k**3 + 12*k**2 + 2*k - 18. Let m be d(12). Calculate the greatest common factor of 24 and m.
6
Let j be (-1)/(-1*2/22). Let u = -16 - -31. Let x be 2/(-5) - (-1821)/u. What is the greatest common factor of j and x?
11
Suppose -x - 2*d + 8 = -2, 4*x = d + 40. Let o = -3 - -5. Let k = 4 - o. Calculate the highest common factor of k and x.
2
Suppose -2*p = -6*p - 12, 0 = -3*r - p - 3. Suppose r = n - 3*n + 34. Calculate the greatest common factor of 17 and n.
17
Suppose d - 285 = -2*d. Suppose 6*x - 11*x + d = 0